he prime factors of 34517?
7, 4931
What are the prime factors of 605?
5, 11
What are the prime factors of 20?
2, 5
What are the prime factors of 716?
2, 179
List the prime factors of 202.
2, 101
What are the prime factors of 40360?
2, 5, 1009
List the prime factors of 84797.
19, 4463
What are the prime factors of 133089?
3, 11, 37, 109
List the prime factors of 245.
5, 7
What are the prime factors of 657?
3, 73
List the prime factors of 42.
2, 3, 7
What are the prime factors of 34413?
3, 11471
What are the prime factors of 2836?
2, 709
What are the prime factors of 58513?
7, 13, 643
List the prime factors of 51116.
2, 13, 983
List the prime factors of 280.
2, 5, 7
List the prime factors of 2203.
2203
List the prime factors of 1249.
1249
What are the prime factors of 14654?
2, 17, 431
List the prime factors of 276.
2, 3, 23
What are the prime factors of 1527?
3, 509
What are the prime factors of 4199?
13, 17, 19
List the prime factors of 2257.
37, 61
What are the prime factors of 993?
3, 331
List the prime factors of 16087.
16087
List the prime factors of 5076.
2, 3, 47
What are the prime factors of 4100?
2, 5, 41
What are the prime factors of 258?
2, 3, 43
List the prime factors of 7854.
2, 3, 7, 11, 17
What are the prime factors of 1436?
2, 359
List the prime factors of 1721.
1721
What are the prime factors of 49882?
2, 7, 509
List the prime factors of 9189.
3, 1021
List the prime factors of 55362.
2, 3, 9227
List the prime factors of 4028.
2, 19, 53
List the prime factors of 37502.
2, 17, 1103
What are the prime factors of 216?
2, 3
What are the prime factors of 89383?
7, 113
What are the prime factors of 607?
607
What are the prime factors of 4900?
2, 5, 7
What are the prime factors of 12235?
5, 2447
What are the prime factors of 69?
3, 23
What are the prime factors of 796?
2, 199
What are the prime factors of 17071?
43, 397
What are the prime factors of 711?
3, 79
List the prime factors of 4464.
2, 3, 31
List the prime factors of 513.
3, 19
What are the prime factors of 5606?
2, 2803
List the prime factors of 2850.
2, 3, 5, 19
What are the prime factors of 978?
2, 3, 163
List the prime factors of 16710.
2, 3, 5, 557
What are the prime factors of 8392?
2, 1049
What are the prime factors of 56909?
56909
What are the prime factors of 26714?
2, 19, 37
What are the prime factors of 10069?
10069
List the prime factors of 1069.
1069
What are the prime factors of 46608?
2, 3, 971
List the prime factors of 20497.
103, 199
What are the prime factors of 24157?
7, 17, 29
What are the prime factors of 4165?
5, 7, 17
What are the prime factors of 6116?
2, 11, 139
What are the prime factors of 2107?
7, 43
What are the prime factors of 2522?
2, 13, 97
List the prime factors of 474.
2, 3, 79
List the prime factors of 22973.
22973
What are the prime factors of 90362?
2, 45181
What are the prime factors of 1419?
3, 11, 43
List the prime factors of 708.
2, 3, 59
What are the prime factors of 26922?
2, 3, 7, 641
What are the prime factors of 2681?
7, 383
What are the prime factors of 88088?
2, 7, 11, 13
List the prime factors of 262.
2, 131
What are the prime factors of 31743?
3, 3527
What are the prime factors of 26175?
3, 5, 349
What are the prime factors of 87370?
2, 5, 8737
List the prime factors of 1130.
2, 5, 113
What are the prime factors of 5624?
2, 19, 37
List the prime factors of 828.
2, 3, 23
What are the prime factors of 5990?
2, 5, 599
What are the prime factors of 54853?
19, 2887
What are the prime factors of 31128?
2, 3, 1297
What are the prime factors of 6584?
2, 823
List the prime factors of 67684.
2, 16921
What are the prime factors of 18154?
2, 29, 313
List the prime factors of 51925.
5, 31, 67
What are the prime factors of 68068?
2, 7, 11, 13, 17
What are the prime factors of 6434?
2, 3217
List the prime factors of 2177.
7, 311
What are the prime factors of 1835?
5, 367
What are the prime factors of 16166?
2, 59, 137
What are the prime factors of 1584?
2, 3, 11
What are the prime factors of 43800?
2, 3, 5, 73
List the prime factors of 10865.
5, 41, 53
What are the prime factors of 6480?
2, 3, 5
List the prime factors of 14708.
2, 3677
What are the prime factors of 3465?
3, 5, 7, 11
List the prime factors of 32223.
3, 23, 467
What are the prime factors of 750?
2, 3, 5
List the prime factors of 7645.
5, 11, 139
List the prime factors of 33643.
17, 1979
List the prime factors of 779.
19, 41
List the prime factors of 4708.
2, 11, 107
List the prime factors of 88543.
7, 13, 139
List the prime factors of 3173.
19, 167
List the prime factors of 10952.
2, 37
What are the prime factors of 655?
5, 131
What are the prime factors of 651?
3, 7, 31
What are the prime factors of 1309?
7, 11, 17
List the prime factors of 13418.
2, 6709
What are the prime factors of 5689?
5689
List the prime factors of 6300.
2, 3, 5, 7
What are the prime factors of 112816?
2, 11, 641
What are the prime factors of 13574?
2, 11, 617
List the prime factors of 1048.
2, 131
What are the prime factors of 19441?
19441
What are the prime factors of 16241?
109, 149
List the prime factors of 180.
2, 3, 5
What are the prime factors of 1565?
5, 313
List the prime factors of 42727.
42727
What are the prime factors of 1500?
2, 3, 5
What are the prime factors of 5454?
2, 3, 101
List the prime factors of 12567.
3, 59, 71
What are the prime factors of 8741?
8741
List the prime factors of 1434.
2, 3, 239
List the prime factors of 18941.
13, 31, 47
List the prime factors of 2660.
2, 5, 7, 19
List the prime factors of 4938.
2, 3, 823
What are the prime factors of 69114?
2, 3, 11519
List the prime factors of 13236.
2, 3, 1103
List the prime factors of 4557.
3, 7, 31
List the prime factors of 111981.
3, 163, 229
What are the prime factors of 22559?
17, 1327
List the prime factors of 12221.
11, 101
List the prime factors of 27509.
27509
What are the prime factors of 10623?
3, 3541
What are the prime factors of 718?
2, 359
What are the prime factors of 476?
2, 7, 17
List the prime factors of 5245.
5, 1049
What are the prime factors of 1024?
2
List the prime factors of 82229.
7, 17, 691
List the prime factors of 5413.
5413
What are the prime factors of 16349?
16349
What are the prime factors of 23259?
3, 7753
What are the prime factors of 4197?
3, 1399
What are the prime factors of 2731?
2731
What are the prime factors of 768?
2, 3
What are the prime factors of 7882?
2, 7, 563
List the prime factors of 336.
2, 3, 7
What are the prime factors of 62063?
53, 1171
What are the prime factors of 1470?
2, 3, 5, 7
What are the prime factors of 1447?
1447
List the prime factors of 64125.
3, 5, 19
What are the prime factors of 1621?
1621
List the prime factors of 11222.
2, 31, 181
List the prime factors of 915.
3, 5, 61
What are the prime factors of 573?
3, 191
What are the prime factors of 32105?
5, 6421
List the prime factors of 916.
2, 229
What are the prime factors of 234?
2, 3, 13
List the prime factors of 495.
3, 5, 11
What are the prime factors of 12699?
3, 17, 83
List the prime factors of 550.
2, 5, 11
What are the prime factors of 4467?
3, 1489
List the prime factors of 438.
2, 3, 73
List the prime factors of 1119.
3, 373
What are the prime factors of 146751?
3, 11, 4447
List the prime factors of 81383.
97, 839
List the prime factors of 963.
3, 107
List the prime factors of 21991.
21991
What are the prime factors of 2234?
2, 1117
List the prime factors of 42541.
19, 2239
What are the prime factors of 100166?
2, 11, 29, 157
What are the prime factors of 1379?
7, 197
List the prime factors of 20650.
2, 5, 7, 59
What are the prime factors of 26434?
2, 13217
What are the prime factors of 3158?
2, 1579
What are the prime factors of 1323?
3, 7
What are the prime factors of 2515?
5, 503
List the prime factors of 12401.
12401
What are the prime factors of 419?
419
List the prime factors of 27686.
2, 109, 127
List the prime factors of 74369.
31, 2399
What are the prime factors of 1528?
2, 191
List the prime factors of 112240.
2, 5, 23, 61
What are the prime factors of 73020?
2, 3, 5, 1217
What are the prime factors of 6822?
2, 3, 379
List the prime factors of 5889.
3, 13, 151
What are the prime factors of 16029?
3, 13, 137
What are the prime factors of 1164?
2, 3, 97
List the prime factors of 14664.
2, 